 464 is divided by 36.
32
Calculate the remainder when 4381 is divided by 163.
143
Calculate the remainder when 9717 is divided by 27.
24
What is the remainder when 105 is divided by 89?
16
Calculate the remainder when 221 is divided by 69.
14
What is the remainder when 70 is divided by 30?
10
What is the remainder when 532 is divided by 263?
6
What is the remainder when 475 is divided by 16?
11
What is the remainder when 93 is divided by 12?
9
Calculate the remainder when 1063 is divided by 76.
75
What is the remainder when 9549 is divided by 35?
29
What is the remainder when 66 is divided by 29?
8
Calculate the remainder when 822 is divided by 35.
17
Calculate the remainder when 314 is divided by 2.
0
What is the remainder when 1392 is divided by 5?
2
What is the remainder when 456 is divided by 9?
6
Calculate the remainder when 151 is divided by 56.
39
Calculate the remainder when 246 is divided by 36.
30
Calculate the remainder when 518 is divided by 135.
113
What is the remainder when 4330 is divided by 17?
12
Calculate the remainder when 1153 is divided by 11.
9
Calculate the remainder when 10686 is divided by 32.
30
Calculate the remainder when 364 is divided by 19.
3
Calculate the remainder when 79 is divided by 22.
13
What is the remainder when 497 is divided by 29?
4
What is the remainder when 339 is divided by 115?
109
Calculate the remainder when 2639 is divided by 20.
19
Calculate the remainder when 130 is divided by 23.
15
What is the remainder when 547 is divided by 22?
19
What is the remainder when 153 is divided by 26?
23
What is the remainder when 740 is divided by 256?
228
What is the remainder when 139 is divided by 37?
28
Calculate the remainder when 373 is divided by 159.
55
What is the remainder when 405 is divided by 69?
60
What is the remainder when 254 is divided by 40?
14
Calculate the remainder when 95 is divided by 28.
11
Calculate the remainder when 200 is divided by 55.
35
Calculate the remainder when 296 is divided by 15.
11
What is the remainder when 626 is divided by 171?
113
Calculate the remainder when 152 is divided by 12.
8
What is the remainder when 733 is divided by 148?
141
What is the remainder when 32 is divided by 19?
13
What is the remainder when 4967 is divided by 825?
17
What is the remainder when 315 is divided by 21?
0
Calculate the remainder when 307 is divided by 33.
10
Calculate the remainder when 365 is divided by 120.
5
Calculate the remainder when 284 is divided by 24.
20
What is the remainder when 194 is divided by 3?
2
What is the remainder when 114 is divided by 72?
42
What is the remainder when 455 is divided by 271?
184
What is the remainder when 680 is divided by 134?
10
Calculate the remainder when 448 is divided by 149.
1
Calculate the remainder when 823 is divided by 81.
13
Calculate the remainder when 10486 is divided by 138.
136
Calculate the remainder when 9 is divided by 9.
0
Calculate the remainder when 515 is divided by 229.
57
What is the remainder when 331 is divided by 70?
51
What is the remainder when 147 is divided by 46?
9
What is the remainder when 575 is divided by 6?
5
Calculate the remainder when 44 is divided by 17.
10
Calculate the remainder when 28 is divided by 10.
8
What is the remainder when 140 is divided by 8?
4
What is the remainder when 6954 is divided by 8?
2
Calculate the remainder when 8731 is divided by 213.
211
Calculate the remainder when 776 is divided by 271.
234
What is the remainder when 107 is divided by 21?
2
What is the remainder when 5279 is divided by 19?
16
What is the remainder when 69 is divided by 24?
21
Calculate the remainder when 1147 is divided by 82.
81
Calculate the remainder when 372 is divided by 56.
36
What is the remainder when 1058 is divided by 1038?
20
What is the remainder when 2291 is divided by 31?
28
What is the remainder when 23824 is divided by 25?
24
What is the remainder when 449 is divided by 112?
1
What is the remainder when 437 is divided by 189?
59
What is the remainder when 156 is divided by 139?
17
What is the remainder when 5806 is divided by 18?
10
Calculate the remainder when 76 is divided by 39.
37
What is the remainder when 264 is divided by 24?
0
Calculate the remainder when 27 is divided by 14.
13
What is the remainder when 146 is divided by 16?
2
What is the remainder when 825 is divided by 46?
43
Calculate the remainder when 37676 is divided by 57.
56
What is the remainder when 7837 is divided by 13?
11
Calculate the remainder when 1778 is divided by 146.
26
Calculate the remainder when 2994 is divided by 81.
78
What is the remainder when 41 is divided by 28?
13
What is the remainder when 399 is divided by 88?
47
Calculate the remainder when 157 is divided by 27.
22
Calculate the remainder when 4791 is divided by 94.
91
Calculate the remainder when 1711 is divided by 107.
106
Calculate the remainder when 1616 is divided by 163.
149
Calculate the remainder when 826 is divided by 399.
28
What is the remainder when 14 is divided by 11?
3
What is the remainder when 323 is divided by 212?
111
What is the remainder when 559 is divided by 28?
27
What is the remainder when 147 is divided by 51?
45
What is the remainder when 9854 is divided by 77?
75
Calculate the remainder when 260 is divided by 77.
29
Calculate the remainder when 1403 is divided by 69.
23
What is the remainder when 2693 is divided by 49?
47
What is the remainder when 769 is divided by 240?
49
Calculate the remainder when 833 is divided by 408.
17
Calculate the remainder when 369 is divided by 53.
51
What is the remainder when 156 is divided by 46?
18
What is the remainder when 632 is divided by 128?
120
What is the remainder when 169 is divided by 81?
7
Calculate the remainder when 86 is divided by 34.
18
What is the remainder when 165 is divided by 77?
11
Calculate the remainder when 365 is divided by 15.
5
Calculate the remainder when 50 is divided by 2.
0
What is the remainder when 65 is divided by 14?
9
What is the remainder when 304 is divided by 70?
24
What is the remainder when 257 is divided by 49?
12
What is the remainder when 228 is divided by 46?
44
What is the remainder when 1876 is divided by 16?
4
What is the remainder when 37 is divided by 31?
6
Calculate the remainder when 64 is divided by 59.
5
What is the remainder when 558 is divided by 173?
39
Calculate the remainder when 154 is divided by 4.
2
Calculate the remainder when 38854 is divided by 91.
88
What is the remainder when 29647 is divided by 34?
33
What is the remainder when 195 is divided by 34?
25
Calculate the remainder when 303 is divided by 83.
54
Calculate the remainder when 729 is divided by 90.
9
What is the remainder when 901 is divided by 43?
41
What is the remainder when 287 is divided by 71?
3
What is the remainder when 837 is divided by 14?
11
What is the remainder when 82 is divided by 17?
14
Calculate the remainder when 931 is divided by 105.
91
Calculate the remainder when 357 is divided by 40.
37
Calculate the remainder when 32 is divided by 6.
2
Calculate the remainder when 3329 is divided by 1649.
31
What is the remainder when 554 is divided by 119?
78
Calculate the remainder when 58 is divided by 32.
26
What is the remainder when 39 is divided by 3?
0
What is the remainder when 16583 is divided by 12?
11
Calculate the remainder when 775 is divided by 381.
13
What is the remainder when 249 is divided by 105?
39
What is the remainder when 171 is divided by 35?
31
What is the remainder when 123 is divided by 37?
12
Calculate the remainder when 623 is divided by 151.
19
What is the remainder when 215 is divided by 52?
7
Calculate the remainder when 1350 is divided by 193.
192
What is the remainder when 689 is divided by 216?
41
What is the remainder when 545 is divided by 11?
6
Calculate the remainder when 312 is divided by 25.
12
Calculate the remainder when 23001 is divided by 81.
78
What is the remainder when 715 is divided by 24?
19
Calculate the remainder when 3488 is divided by 36.
32
What is the remainder when 3309 is divided by 77?
75
Calculate the remainder when 64 is divided by 23.
18
Calculate the remainder when 339 is divided by 38.
35
What is the remainder when 827 is divided by 36?
35
What is the remainder when 133 is divided by 8?
5